es 19 divide 17448381?
False
Is 5278746517 a multiple of 42?
False
Is 12846710 a multiple of 899?
True
Is 9209303 a multiple of 55?
False
Does 55 divide 63876340?
True
Does 14 divide 5177522?
True
Is 103 a factor of 1819736549?
False
Does 505 divide 142353552?
False
Is 2233 a factor of 551810028?
True
Does 1101 divide 19107537?
False
Is 14545716 a multiple of 487?
True
Is 49388707 a multiple of 764?
False
Is 16 a factor of 5237690?
False
Is 263 a factor of 245318125?
False
Does 316 divide 571666105?
False
Does 1328 divide 243710920?
False
Does 12 divide 10212025?
False
Is 61 a factor of 10697692?
True
Is 8131539 a multiple of 3?
True
Is 471203230 a multiple of 10?
True
Does 35 divide 528772090?
True
Is 175875436 a multiple of 231?
False
Does 33 divide 942277281?
True
Does 5 divide 643215880?
True
Is 296460406 a multiple of 721?
False
Is 229 a factor of 38959374?
False
Is 8097184 a multiple of 316?
True
Does 280 divide 22210087?
False
Is 66 a factor of 146957844?
True
Is 765 a factor of 724818375?
True
Is 54 a factor of 98402883?
False
Does 17 divide 264363116?
False
Does 378 divide 86156522?
False
Is 49 a factor of 10424752?
False
Is 564666645 a multiple of 51?
True
Does 332 divide 7660500?
False
Is 49778100 a multiple of 1775?
True
Is 108 a factor of 113829422?
False
Does 1368 divide 663878088?
True
Is 27179460 a multiple of 740?
True
Is 8549440 a multiple of 1134?
False
Is 355 a factor of 8318715?
True
Is 14 a factor of 74932424?
True
Is 68 a factor of 27785787?
False
Is 119618961 a multiple of 33?
True
Does 13 divide 62677691?
False
Is 61 a factor of 347333512?
True
Does 32 divide 539995903?
False
Is 396186266 a multiple of 14?
True
Does 1785 divide 335115900?
True
Does 826 divide 2904777392?
False
Is 79177061 a multiple of 63?
False
Does 401 divide 812141290?
True
Is 16448772 a multiple of 366?
True
Does 118 divide 236568288?
True
Is 4 a factor of 139265306?
False
Is 2099099155 a multiple of 17?
False
Does 1932 divide 117628198?
False
Is 211000 a multiple of 211?
True
Does 229 divide 20327328?
False
Is 2099725 a multiple of 653?
False
Is 1524021895 a multiple of 2381?
False
Is 1896177120 a multiple of 240?
True
Is 35412944 a multiple of 16?
True
Is 28 a factor of 70766480?
False
Is 63511224 a multiple of 2424?
True
Does 51 divide 2493977582?
False
Does 620 divide 188575480?
True
Is 363 a factor of 456363432?
False
Is 237 a factor of 45878846?
False
Does 5 divide 339693?
False
Is 16 a factor of 628274308?
False
Is 194782166 a multiple of 25?
False
Is 2 a factor of 49723649?
False
Does 13 divide 17220327?
False
Is 101525931 a multiple of 20?
False
Is 23 a factor of 220607940?
False
Is 172377265 a multiple of 185?
True
Is 214588 a multiple of 11?
True
Is 8 a factor of 788155372?
False
Does 10 divide 69322481?
False
Is 939 a factor of 609445355?
False
Does 1674 divide 548625042?
True
Does 190 divide 397904247?
False
Does 22 divide 31474234?
True
Does 20 divide 17694260?
True
Does 197 divide 49680001?
False
Is 117 a factor of 212468607?
True
Is 25 a factor of 263302861?
False
Does 46 divide 7351812?
True
Is 122199292 a multiple of 141?
False
Does 44 divide 32834693?
False
Is 40396565 a multiple of 899?
True
Is 118743912 a multiple of 51?
True
Does 82 divide 4062140846?
True
Does 1950 divide 658743150?
True
Is 3337 a factor of 288293441?
True
Is 105555153 a multiple of 200?
False
Does 547 divide 143229762?
True
Is 6150389 a multiple of 295?
False
Is 819 a factor of 161890119?
False
Is 517 a factor of 64166584?
False
Is 25 a factor of 366556516?
False
Does 2187 divide 35272555?
False
Is 5442 a factor of 750293982?
True
Is 4614880 a multiple of 5?
True
Is 143 a factor of 106407730?
True
Is 193 a factor of 15123866?
True
Is 186895250 a multiple of 232?
False
Is 3 a factor of 12176218?
False
Does 1315 divide 50660609?
False
Is 1436953566 a multiple of 3?
True
Is 71885685 a multiple of 566?
False
Is 117978994 a multiple of 434?
True
Is 49 a factor of 21059171?
True
Is 273 a factor of 725763606?
False
Is 864101848 a multiple of 9509?
True
Is 36295560 a multiple of 540?
True
Is 459 a factor of 57568239?
True
Is 49 a factor of 139410595?
False
Is 14698230 a multiple of 164?
False
Does 5336 divide 1752182320?
True
Does 4328 divide 267659642?
False
Is 9 a factor of 1389209009?
False
Is 5377 a factor of 165003999?
True
Is 14 a factor of 101348828?
True
Does 22 divide 1824264?
False
Is 148743445 a multiple of 11?
False
Does 3 divide 20405743?
False
Is 155 a factor of 934751525?
True
Is 5 a factor of 65809755?
True
Is 1819443060 a multiple of 12?
True
Does 381 divide 8450486?
False
Is 632114930 a multiple of 5332?
False
Is 20 a factor of 444386222?
False
Is 1114740 a multiple of 11?
True
Is 2833212700 a multiple of 9?
False
Does 23 divide 61109269?
False
Does 163 divide 617773947?
False
Is 63167316 a multiple of 145?
False
Is 180 a factor of 239285880?
True
Does 54 divide 20605681?
False
Does 128 divide 59110144?
True
Is 5870470 a multiple of 145?
True
Does 465 divide 3985980?
True
Does 268 divide 70265715?
False
Does 2 divide 1005767700?
True
Does 8 divide 82746025?
False
Is 52592592 a multiple of 356?
True
Is 113576265 a multiple of 597?
True
Is 25 a factor of 13567778?
False
Is 3088 a factor of 535774176?
True
Is 303522551 a multiple of 88?
False
Is 116241126 a multiple of 14?
False
Is 66 a factor of 3989978?
False
Does 886 divide 174863618?
True
Does 34 divide 912995812?
True
Does 273 divide 1220866374?
True
Is 2206041311 a multiple of 155?
False
Is 475 a factor of 1266825?
True
Is 26174721 a multiple of 5?
False
Is 96665502 a multiple of 186?
True
Is 74811232 a multiple of 333?
False
Does 26 divide 25528308?
True
Is 1824 a factor of 29824224?
True
Does 114 divide 40561636?
False
Does 48 divide 873311232?
True
Is 95 a factor of 27639987?
False
Is 7038860127 a multiple of 36?
False
Does 39 divide 128005581?
False
Does 13 divide 38828933?
True
Is 71794615 a multiple of 851?
True
Is 3954204 a multiple of 19?
True
Is 59846932 a multiple of 4?
True
Is 14585252 a multiple of 17?
True
Is 14053010 a multiple of 523?
True
Is 3300 a factor of 3673359833?
False
Is 1703487388 a multiple of 6?
False
Is 86775942 a multiple of 379?
False
Does 6918 divide 674089920?
True
Does 484 divide 741539788?
True
Is 15076144 a multiple of 17?
True
Is 2382304 a multiple of 229?
False
Is 932 a factor of 121162766?
False
Is 6 a factor of 1446648296?
False
Does 17 divide 26073939?
False
Does 74 divide 75935248?
True
Is 10860800 a multiple of 4?
True
Is 1014617774 a multiple of 95?
False
Is 968 a factor of 18380384?
True
Is 4181 a factor of 120964692?
True
Is 83596050 a multiple of 4050?
True
Is 7 a factor of 34187480?
False
Is 3729587 a multiple of 1100?
False
Is 122084601 a multiple of 1450?
False
Does 27 divide 105717636?
True
Is 168 a factor of 13719441?
False
Is 13 a factor of 570213891?
True
Does 481 divide 44021898?
False
Does 331 divide 113061325?
True
Does 5 divide 1758392132?
False
Is 7542216 a multiple of 12?
True
Is 98297637 a multiple of 1100?
False
Is 47 a factor of 8365953?
True
Is 71539955 a multiple of 67?
False
Is 3460800 a multiple of 206?
True
Is 82 a factor of 124802718?
False
Does 21 divide 3031268163?
True
Does 330 divide 2132193829?
False
Is 116 a factor of 157308180?
True
Does 16 divide 175065671?
False
Is 112 a factor of 101722096?
True
Does 124 divide 250063484?
True
Is 12 a factor of 18867012?
True
Is 12 a factor of 69150408?
True
Is 3 a factor of 505823227?
False
Is 423 a factor of 44950095?
True
Is 425 a factor of 26691076?
False
Does 6 divide 43020690?
True
Is 417 a factor of 90172914?
True
Is 160 a factor of 59658351?
False
Is 8 a factor of 51435680?
True
Does 7 divide 90232940?
True
Is 20859900 a multiple of 50?
True
Is 56 a factor of 19249327?
False
Is 5556700 a multiple of 5?
True
Does 1371 divide 55111338?
False
Is 7219900 a multiple of 25?
True
Is 296 a factor of 16587248?
True
Is 478616691 a multiple of 137?
False
Is 21260773 a multiple of 805?
False
Is 72 a factor of 20447449?
False
Does 68 divide 19269298?
False
Does 121 divide 1722688?
False
Is 201464650 a multiple of 8417?
False
Does 16 divide 78470208?
True
Is 251 a factor of 66837033?
True
Does 802 divide 1182127921?
False
Is 205 a factor of 807153?
False
Is 23801784 a multiple of 6?
Tru